3.
-164a934
-162363 (base 10) to base 16
-27a3b
1c960 (base 14) to base 15
16a47
Convert 302a00 (base 14) to base 15.
220415
What is -d5f93 (base 16) in base 8?
-3257623
65023 (base 9) to base 5
2334112
31211321 (base 4) to base 7
321212
Convert -111442224 (base 6) to base 5.
-1010334031
Convert 211133 (base 6) to base 7.
100626
Convert -10167 (base 9) to base 3.
-100012021
Convert 14314012 (base 7) to base 5.
321121332
Convert -142321342 (base 5) to base 6.
-23550034
What is 1256314 (base 7) in base 15?
34074
-30a282 (base 15) to base 4
-20310203333
Convert -4957583 (base 10) to base 15.
-67dda8
4222312 (base 7) to base 12
20707a
Convert -42244340 (base 5) to base 12.
-150407
What is 69709 (base 11) in base 7?
566350
6113017 (base 11) to base 10
10809069
What is 32221201312 (base 4) in base 2?
1110101001100001110110
4373713 (base 8) to base 11
734788
Convert -3302102442 (base 5) to base 2.
-11010111101000110001101
-1000111100110010000111 (base 2) to base 12
-95185b
Convert -21a5461 (base 13) to base 10.
-10322261
Convert 8919b3 (base 16) to base 12.
30137ab
Convert -10133437 (base 8) to base 4.
-20023130133
What is 1527200 (base 8) in base 2?
1101010111010000000
What is -2d1da (base 14) in base 2?
-11011100011111100
6036250 (base 7) to base 5
140342123
Convert -111103011 (base 4) to base 8.
-252305
111b5 (base 14) to base 11
29211
What is 1111000101010110111 (base 2) in base 9?
833001
940a4 (base 12) to base 3
100211122121
-49c167 (base 13) to base 5
-423100324
Convert 6520820 (base 10) to base 16.
637ff4
Convert -6034352 (base 7) to base 15.
-e1b38
-302100021313 (base 4) to base 2
-110010010000001001110111
Convert 5bdbd9 (base 14) to base 4.
30000332103
Convert 8625887 (base 9) to base 3.
22200212222221
Convert 8856 (base 9) to base 13.
2c85
-1012020122122102 (base 3) to base 9
-35218572
-13007537 (base 8) to base 15
-3c0864
-3bcf1 (base 16) to base 13
-87675
113301213233 (base 4) to base 9
12648415
-121a065 (base 13) to base 9
-11515174
What is -1334155 (base 8) in base 15?
-7612d
554054451 (base 6) to base 12
341a427
Convert -11120121121210 (base 3) to base 9.
-4517553
What is -105a (base 11) in base 3?
-1220201
Convert -14541111 (base 6) to base 3.
-221221210121
What is -13303041 (base 5) in base 7?
-1100630
Convert -23dd6c (base 15) to base 14.
-329cc7
What is -b15ca (base 13) in base 11?
-1a74a7
What is 101111011111110110 (base 2) in base 8?
573766
What is -24db9 (base 15) in base 9?
-188583
-392b3 (base 15) to base 3
-100021211220
12110121120212 (base 3) to base 9
5417525
Convert -355413123 (base 6) to base 3.
-110121122101220
What is bd77 (base 16) in base 13?
19100
What is -111111000111011000 (base 2) in base 10?
-258520
What is -608083 (base 9) in base 2?
-1010111111100001001
Convert 5419 (base 15) to base 10.
17799
Convert 16a231 (base 12) to base 11.
247721
What is 459535 (base 12) in base 8?
4202271
What is 373245 (base 8) in base 4?
133122211
Convert -53b8c2 (base 14) to base 3.
-12100002122210
What is 38982 (base 16) in base 11?
149187
262064 (base 8) to base 9
148070
Convert -b2926 (base 12) to base 10.
-232878
What is -2b8a7e (base 16) in base 12?
-b573ba
What is 5e698 (base 15) in base 16?
49b2c
Convert 110011100111000010100 (base 2) to base 7.
20242325
-188a63 (base 15) to base 5
-301144333
Convert -155535 (base 10) to base 3.
-21220100120
What is -75074 (base 8) in base 9?
-46828
What is -5ef6ce (base 16) in base 6?
-341220450
Convert -2121604 (base 7) to base 6.
-5304204
Convert 14263707 (base 8) to base 4.
30112133013
-28797b (base 13) to base 4
-3301032230
What is -11100101010111111011101 (base 2) in base 9?
-15125160
What is 120100322 (base 4) in base 2?
11000010000111010
What is -11143102 (base 6) in base 16?
-5310e
Convert 99922 (base 12) to base 13.
71819
What is 4b809 (base 12) in base 7?
606423
Convert 3123220301 (base 4) to base 2.
11011011101000110001
Convert -4313 (base 6) to base 15.
-456
What is 120200111002 (base 3) in base 7?
2424026
3100cb (base 15) to base 2
1000111000100101101101
-221232 (base 5) to base 10
-7692
-12556151 (base 8) to base 15
-3a7427
Convert 20110011111 (base 3) to base 5.
13030332
What is -235130552 (base 6) in base 7?
-52526561
What is -5231991 (base 10) in base 5?
-2314410431
What is -12049c (base 14) in base 11?
-390547
20121020212 (base 3) to base 7
1050566
Convert 2011011021220 (base 3) to base 11.
712076
Convert -21ab60 (base 12) to base 6.
-15303400
What is 31601050 (base 7) in base 4?
22100213122
-2244100 (base 5) to base 11
-284a1
What is -18d2a (base 15) in base 8?
-235316
-88e2b (base 15) to base 2
-1101010001111110111
Convert 1061461 (base 8) to base 14.
76b05
-202121000 (base 4) to base 12
-69628
-580213 (base 10) to base 4
-2031221311
5261536 (base 8) to base 6
50013154
What is -3307 (base 10) in base 15?
-ea7
6005206 (base 8) to base 6
53434130
What is 3a6198 (base 14) in base 4?
13223303122
-11010010111101001101000 (base 2) to base 10
-6912616
Convert 10222355 (base 6) to base 14.
7aba7
What is -10633544 (base 9) in base 8?
-23535232
What is 10011011010101001001100 (base 2) in base 12?
1855638
-2375006 (base 9) to base 4
-10322312013
What is -45c77a (base 13) in base 10?
-1655625
What is 67a4a (base 15) in base 3?
121202020221
Convert 32441553 (base 6) to base 11.
602720
What is -100010110010010100 (base 2) in base 9?
-236405
-21004242 (base 5) to base 12
-83967
Convert 7ed3b9 (base 16) to base 14.
11650b7
-40224242 (base 5) to base 11
-1a993a
What is 2210024 (base 6) in base 16?
1ae60
What is -260062 (base 7) in base 4?
-23233000
Convert -534052135 (base 6) to base 4.
-203332212323
What is 14d289 (base 14) in base 11?
457791
-288ae (base 16) to base 4
-220202232
What is -ba900a (base 14) in base 6?
-343322030
What is -4132141412 (base 5) in base 7?
-132014211
Convert -250061 (base 7) to base 12.
-22512
What is 2362477 (base 8) in base 14?
12c4a3
995761 (base 13) to base 2
1101110001100100110101
Convert -4315343 (base 6) to base 10.
-212463
Convert -30033030 (base 4) to base 11.
-34728
Convert -2131323 (base 7) to base 9.
-435353
-5ccc2 (base 14) to base 8
-674312
982346 (base 10) to base 6
33015522
What is e16f1 (base 16) in base 2?
11100001011011110001
What is -112022202100021 (base 3) in base 13?
-1766c26
1023443 (base 11) to base 4
12320300313
Convert 17775106 (base 8) to base 14.
7b2006
Convert 10002220100212 (base 3) to base 5.
410321301
What is 46a4a (base 16) in base 7?
2313412
6dd79 (base 14) to base 5
32100243
What is 73cc6 (base 14) in base 6?
5554434
Convert -33001101 (base 4) to base 12.
-2b729
What is 10010110010011010010 (base 2) in base 9?
1137437
Convert -194db (base 16) to base 9.
-167148
Convert 124551 (base 8) to base 10.
43369
3a3c (base 15) to base 2
11000010010000
Convert 101001011000010110001000 (base 2) to base 4.
221120112020
What is 9210626 (base 10) in base 11?
5221097
110021122212 (base 3) to base 11
155721
Convert 11511531 (base 6) to base 14.
97b55
-11111101000010100011011 (base 2) to base 5
-4110312421
Convert -bd60d (base 14) to base 9.
-770205
Convert 2a3354 (base 11) to base 8.
1633537
Convert -89a8a (base 16) to base 11.
-3556a1
19419a (base 11) to base 12
124806
What is -48599 (base 13) in base 14?
-36571
Convert 100001111001101001 (base 2) to base 8.
417151
What is -11020222222 (base 3) in base 10?
-83834
Convert 488143 (base 10) to base 7.
4102105
What is -ab398a (base 14) in base 9?
-11836083
Convert -43310112 (base 6) to base 10.
-1284380
What is -53203 (base 8) in base 5?
-1202042
Convert 12102202100 (base 4) to base 3.
10002202201002
Convert -28aa6 (base 14) to base 11.
-69889
1032331030 (base 4) to base 2
1001110111101001100
-1198938 (base 10) to base 7
-13122306
-1100003300 (base 4) to base 3
-121122211012
Convert -e992 (base 15) to base 9.
-74702
What is -1018458 (base 9) in base 3?
-1000122111222
What is 18312 (base 11) in base 12?
12a29
What is -14455 (base 16) in base 11?
-57421
-141202032 (base 5) to base 8
-2610423
-3423110410 (base 5) to base 16
-746837
What is 10001011001000100001101 (base 2) in base 13?
c38204
2d6b7 (base 16) to base 6
3553143
-1703334 (base 9) to base 14
-1a92c5
Convert 15636605 (base 7) to base 6.
52343102
-d9313 (base 14) to base 5
-113242314
114261 (base 10) to base 12
56159
Convert -11101545